{"id":208,"date":"2024-04-03T23:03:28","date_gmt":"2024-04-03T23:03:28","guid":{"rendered":"https:\/\/lacliniquedarchitecture.ca\/?page_id=208"},"modified":"2025-03-06T22:11:28","modified_gmt":"2025-03-06T22:11:28","slug":"a-propos","status":"publish","type":"page","link":"https:\/\/lacliniquedarchitecture.ca\/?page_id=208","title":{"rendered":"\u00c0 propos"},"content":{"rendered":"\n<p>Notre service professionnel d&rsquo;architecture implique une collaboration \u00e9troite entre les architectes et les clients pour transformer des id\u00e9es en r\u00e9alit\u00e9. Cela inclut la conception initiale des projets, la planification spatiale, la s\u00e9lection de mat\u00e9riaux, la gestion du budget, et la coordination avec d&rsquo;autres professionnels de la construction. Les architectes jouent un r\u00f4le crucial dans la traduction des besoins du client en structures fonctionnelles et esth\u00e9tiquement agr\u00e9ables, tout en s&rsquo;assurant de respecter les normes l\u00e9gales et les codes du b\u00e2timent. En r\u00e9sum\u00e9, nos services embrassent l&rsquo;ensemble du processus de cr\u00e9ation architecturale, de la conception \u00e0 la r\u00e9alisation du projet.<\/p>\n\n\n\n<h2 class=\"wp-block-heading\">MISSION<\/h2>\n\n\n\n<p><strong><br><\/strong>\u00c0 la clinique d&rsquo;Architecture des Laurentides, on travaille avec passion, et ce, tout au long de nos projets.&nbsp;La clinique d&rsquo;architecture&nbsp;s\u2019est form\u00e9e d\u2019une \u00e9quipe qualifi\u00e9e dans diff\u00e9rents champs et secteurs de l&rsquo;habitation.  Notre entreprise a pris de l&rsquo;expansion\u202f! Nous offrons des services professionnels pour des plans de&nbsp;constructions neuves, des tests de&nbsp;sol g\u00e9otechnique et&nbsp;nous d\u00e9veloppons, maintenant aussi, les b\u00e2timents commerciaux pour l\u2019industrie de&nbsp;la&nbsp;restauration. Nous sommes fi\u00e8res d&rsquo;avoir plusieurs projets r\u00e9alis\u00e9s dans Rive-nord et les Laurentides du Qu\u00e9bec. Nous concevons et b\u00e2tissons des plans de maisons en respectant les normes de qualit\u00e9s et nos valeurs mutuelles.<br><\/p>\n\n\n\n<h2 class=\"wp-block-heading\">VISION<\/h2>\n\n\n\n<p><br><\/p>\n\n\n\n<p>Une vision durable, une ambition sans limite, fa\u00e7onnant l&rsquo;Avenir \u00e0 travers les horizons de l&rsquo;Architecture.<\/p>\n\n\n\n<p>Nous croyons aussi que notre force est l\u2019entraide en \u00e9quipe. Nous partageons nos connaissances entre coll\u00e8gues afin de\u00a0bien comprendre chacune des \u00e9tapes de\u00a0votre mandat et\u00a0travaillons en \u00e9troite collaboration avec nos fournisseurs et\u00a0partenaires dans le but de\u00a0vous offrir une meilleure efficacit\u00e9 dans le\u00a0choix des produits. Tous n\u2019ont qu\u2019un seul but\u202f, travailler ensemble pour unir les forces de\u00a0chacun pour vous offrir le\u00a0meilleur r\u00e9sultat qui soit, qui correspond aux besoins de\u00a0nos clients.<\/p>\n\n\n\n<h2 class=\"wp-block-heading\">VALEUR<\/h2>\n\n\n\n<p><br>Tout commence par la&nbsp;confiance. La&nbsp;valeur qui pr\u00e9domine au&nbsp;sein de&nbsp;notre entreprise est l\u2019honn\u00eatet\u00e9. Nous assurons \u00e0 notre client\u00e8le de&nbsp;cerner leurs besoins tout au&nbsp;long du&nbsp;projet. Le client sera \u00e0 l\u2019aff\u00fbt de&nbsp;toutes les d\u00e9marches r\u00e9alis\u00e9es pour la&nbsp;conception et&nbsp;la r\u00e9alisation du&nbsp;projet.<\/p>\n\n\n\n<p><br><\/p>\n\n\n\n<h2 class=\"wp-block-heading\">DEMANDE CLIENT<\/h2>\n\n\n\n\n\n\n<div class=\"wpforms-container wpforms-container-full wpforms-block wpforms-block-6de73186-1266-461d-946f-8a507dc66cdb wpforms-render-modern\" id=\"wpforms-215\"><form id=\"wpforms-form-215\" class=\"wpforms-validate wpforms-form wpforms-ajax-form\" data-formid=\"215\" method=\"post\" enctype=\"multipart\/form-data\" action=\"\/index.php?rest_route=%2Fwp%2Fv2%2Fpages%2F208\" data-token=\"87a1a9ea118e0ce9858b0871d5c0dbe7\" data-token-time=\"1778859423\"><noscript class=\"wpforms-error-noscript\">Veuillez activer JavaScript dans votre navigateur pour remplir ce formulaire.<\/noscript><div id=\"wpforms-error-noscript\" style=\"display: none;\">Veuillez activer JavaScript dans votre navigateur pour remplir ce formulaire.<\/div><div class=\"wpforms-field-container\"><div id=\"wpforms-215-field_1-container\" class=\"wpforms-field wpforms-field-name\" data-field-id=\"1\"><label class=\"wpforms-field-label\" for=\"wpforms-215-field_1\">Nom (obligatoire) <span class=\"wpforms-required-label\" aria-hidden=\"true\">*<\/span><\/label><input type=\"text\" id=\"wpforms-215-field_1\" class=\"wpforms-field-medium wpforms-field-required\" name=\"wpforms[fields][1]\" aria-errormessage=\"wpforms-215-field_1-error\" required><\/div><div id=\"wpforms-215-field_2-container\" class=\"wpforms-field wpforms-field-email\" data-field-id=\"2\"><label class=\"wpforms-field-label\" for=\"wpforms-215-field_2\">Courriel (obligatoire) <span class=\"wpforms-required-label\" aria-hidden=\"true\">*<\/span><\/label><input type=\"email\" id=\"wpforms-215-field_2\" class=\"wpforms-field-medium wpforms-field-required\" name=\"wpforms[fields][2]\" spellcheck=\"false\" aria-errormessage=\"wpforms-215-field_2-error\" required><\/div><div id=\"wpforms-215-field_3-container\" class=\"wpforms-field wpforms-field-number\" data-field-id=\"3\"><label class=\"wpforms-field-label\" for=\"wpforms-215-field_3\">T\u00e9l\u00e9phone (obligatoire) <span class=\"wpforms-required-label\" aria-hidden=\"true\">*<\/span><\/label><input type=\"number\" id=\"wpforms-215-field_3\" class=\"wpforms-field-medium wpforms-field-required\" name=\"wpforms[fields][3]\" step=\"any\" aria-errormessage=\"wpforms-215-field_3-error\" required><\/div><div id=\"wpforms-215-field_4-container\" class=\"wpforms-field wpforms-field-text\" data-field-id=\"4\"><label class=\"wpforms-field-label\" for=\"wpforms-215-field_4\">Adresse<\/label><input type=\"text\" id=\"wpforms-215-field_4\" class=\"wpforms-field-medium\" name=\"wpforms[fields][4]\" aria-errormessage=\"wpforms-215-field_4-error\" ><\/div><div id=\"wpforms-215-field_5-container\" class=\"wpforms-field wpforms-field-text\" data-field-id=\"5\"><label class=\"wpforms-field-label\" for=\"wpforms-215-field_5\">Type de projet<\/label><input type=\"text\" id=\"wpforms-215-field_5\" class=\"wpforms-field-medium\" name=\"wpforms[fields][5]\" aria-errormessage=\"wpforms-215-field_5-error\" ><\/div><div id=\"wpforms-215-field_7-container\" class=\"wpforms-field wpforms-field-textarea\" data-field-id=\"7\"><label class=\"wpforms-field-label\" for=\"wpforms-215-field_7\">Sujet<\/label><textarea id=\"wpforms-215-field_7\" class=\"wpforms-field-medium\" name=\"wpforms[fields][7]\" aria-errormessage=\"wpforms-215-field_7-error\" ><\/textarea><\/div><\/div><!-- .wpforms-field-container --><div class=\"wpforms-submit-container\" ><input type=\"hidden\" name=\"wpforms[id]\" value=\"215\"><input type=\"hidden\" name=\"page_title\" value=\"\"><input type=\"hidden\" name=\"page_url\" value=\"https:\/\/lacliniquedarchitecture.ca\/index.php?rest_route=\/wp\/v2\/pages\/208\"><input type=\"hidden\" name=\"url_referer\" value=\"\"><button type=\"submit\" name=\"wpforms[submit]\" id=\"wpforms-submit-215\" class=\"wpforms-submit\" data-alt-text=\"En taitement...\" data-submit-text=\"Soumettre\" aria-live=\"assertive\" value=\"wpforms-submit\">Soumettre<\/button><img loading=\"lazy\" decoding=\"async\" src=\"https:\/\/lacliniquedarchitecture.ca\/wp-content\/plugins\/wpforms-lite\/assets\/images\/submit-spin.svg\" class=\"wpforms-submit-spinner\" style=\"display: none;\" width=\"26\" height=\"26\" alt=\"Chargement en cours\"><\/div><\/form><\/div>  <!-- .wpforms-container -->","protected":false},"excerpt":{"rendered":"<p>Notre service professionnel d&rsquo;architecture implique une collaboration \u00e9troite entre les architectes et les clients pour transformer des id\u00e9es en r\u00e9alit\u00e9. Cela inclut la conception initiale des projets, la planification spatiale, la s\u00e9lection de mat\u00e9riaux, la gestion du budget, et la coordination avec d&rsquo;autres professionnels de la construction. Les architectes jouent un r\u00f4le crucial dans la&hellip; <br \/> <a class=\"read-more\" href=\"https:\/\/lacliniquedarchitecture.ca\/?page_id=208\">Lire la suite<\/a><\/p>\n","protected":false},"author":1,"featured_media":0,"parent":0,"menu_order":0,"comment_status":"closed","ping_status":"closed","template":"","meta":{"_coblocks_attr":"","_coblocks_dimensions":"","_coblocks_responsive_height":"","_coblocks_accordion_ie_support":"","om_disable_all_campaigns":false,"_monsterinsights_skip_tracking":false,"_monsterinsights_sitenote_active":false,"_monsterinsights_sitenote_note":"","_monsterinsights_sitenote_category":0,"footnotes":""},"class_list":["post-208","page","type-page","status-publish","hentry"],"aioseo_notices":[],"_links":{"self":[{"href":"https:\/\/lacliniquedarchitecture.ca\/index.php?rest_route=\/wp\/v2\/pages\/208","targetHints":{"allow":["GET"]}}],"collection":[{"href":"https:\/\/lacliniquedarchitecture.ca\/index.php?rest_route=\/wp\/v2\/pages"}],"about":[{"href":"https:\/\/lacliniquedarchitecture.ca\/index.php?rest_route=\/wp\/v2\/types\/page"}],"author":[{"embeddable":true,"href":"https:\/\/lacliniquedarchitecture.ca\/index.php?rest_route=\/wp\/v2\/users\/1"}],"replies":[{"embeddable":true,"href":"https:\/\/lacliniquedarchitecture.ca\/index.php?rest_route=%2Fwp%2Fv2%2Fcomments&post=208"}],"version-history":[{"count":10,"href":"https:\/\/lacliniquedarchitecture.ca\/index.php?rest_route=\/wp\/v2\/pages\/208\/revisions"}],"predecessor-version":[{"id":858,"href":"https:\/\/lacliniquedarchitecture.ca\/index.php?rest_route=\/wp\/v2\/pages\/208\/revisions\/858"}],"wp:attachment":[{"href":"https:\/\/lacliniquedarchitecture.ca\/index.php?rest_route=%2Fwp%2Fv2%2Fmedia&parent=208"}],"curies":[{"name":"wp","href":"https:\/\/api.w.org\/{rel}","templated":true}]}}